and h.
40
Let g = 15 - -3. Let r(t) = 3*t**2 - 179*t - 1620. Let p be r(-9). What is the highest common divisor of g and p?
18
Let c = -235 - -317. Suppose c*q = 76*q + 1920. What is the greatest common divisor of q and 128?
64
Suppose -3*b - r = -183, 3*r + 3 = 12. Let w be (b/8 + -6)/((-1)/(-16)). Calculate the highest common divisor of w and 156.
12
Let m = 1002 - 521. Let b = 28 + 9. What is the greatest common factor of b and m?
37
Suppose -5*j + 8*i - 27 = 4*i, -3*j = 4*i - 3. Let b be (-4)/2 - 54/j. Let o be (50/(-15))/((6/(-72))/1). Calculate the highest common divisor of o and b.
8
Let a(v) be the third derivative of -v**5/20 + 11*v**4/24 + 3*v**3/2 - 118*v**2. Let w be a(4). Calculate the highest common factor of 20 and w.
5
Let q(i) = -293*i + 15364. Let n be q(38). What is the highest common factor of 30 and n?
30
Let d = -12582 + 12717. Calculate the highest common divisor of d and 1539.
27
Suppose 3*n = 5*n + 3*t - 32, -4*t = 4*n - 56. Let u = n + -6. Suppose -2*h = -f + 12, 13*h - 14*h = -3*f + 56. What is the highest common factor of f and u?
4
Suppose 93 = -4*y + w, -115 = 3*y + 2*y - w. Let a = y + 26. Suppose -9 = -3*s, -3*s = 2*m - a*s - 25. Calculate the highest common divisor of 98 and m.
14
Suppose 4*q + 5*t - 838 = 0, -2*t = 15*q - 20*q + 1031. What is the highest common factor of q and 2001?
69
Let r be 443 - (260/20 + 5). Calculate the highest common divisor of 25 and r.
25
Let c = 99095 + -99030. Suppose 0 = -4*n + 66 - 14. Calculate the greatest common factor of c and n.
13
Suppose 0 = -3*z + z + 16 + 36. Suppose -4*i = f - 246, -4*f = -2*i - 3*i - 921. Calculate the highest common factor of z and f.
26
Let d be 8/(-28)*-84*(23 - 17). Suppose 0 = 3*u - 2*w + 22 - 184, -5*u + w = -270. What is the highest common factor of d and u?
18
Let s(z) = -z**2 + 16*z + 696. Let l be s(-18). Let p(q) = -3*q - 17. Let v be p(-8). What is the highest common factor of v and l?
7
Let l(t) = 8*t**2 - 227*t - 1960. Let h be l(-9). What is the greatest common divisor of h and 68?
17
Let t = 3528 + -3478. What is the highest common factor of t and 40?
10
Suppose p = 23 + 3. Let q = 28 - p. Let y(d) = d**3 - 9*d**2 + 10*d. Let f be y(8). What is the greatest common divisor of q and f?
2
Let k be (363/(-605))/(15/(-1650500)). Calculate the greatest common divisor of 20 and k.
20
Let x(g) = -2*g**3 - 2*g**2 - 13*g + 304. Let o be x(12). Let u be o/31*(-22)/4. What is the greatest common factor of 22 and u?
22
Suppose -3*h + 92 = -0*h - 4*o, -5*h = -3*o - 146. Let i(a) = -203*a**2 - 3257*a - 18. Let j be i(-16). What is the highest common divisor of j and h?
14
Let y = 103 - 58. Suppose 0 = -18*k + 603 - y. Suppose -3*f - k = -85. Calculate the greatest common divisor of 162 and f.
18
Suppose -31*b + 65 = -26*b. Let m = 50 - -54. Let v = 195 - m. Calculate the highest common factor of v and b.
13
Let g be ((-740)/(-222))/((-4)/(-90)). Let l(d) = 4*d**3 + 6*d**2 - 3*d + 12. Let y be l(3). Calculate the highest common factor of g and y.
15
Suppose 4*z - 177 = -7*o, -3*o + 48 + 13 = -2*z. What is the highest common divisor of o and 3013?
23
Let s(x) = -9*x + 23. Let v be s(-2). Suppose -l = 4*k - v, -4*k - 4*l + 32 = -0*l. Suppose 2*f - 51 + 7 = 0. Calculate the greatest common divisor of k and f.
11
Suppose -a + 3 + 7 = -2*j, -3*j - 15 = 0. Suppose 0 = r - a*r - 1. Let p = 323252 - 323245. Calculate the highest common factor of p and r.
1
Suppose -4*t + 258 = 2*b, 6*t - 11*t + 325 = 3*b. Let u be (-16)/(-24)*(0 + 3). What is the highest common factor of t and u?
2
Let f(w) = -6*w**3 - 2*w**2 - 5*w - 15. Let g be f(-4). Suppose 549 = 4*n + g. What is the greatest common factor of 112 and n?
16
Let q = 84 - 6. Suppose 0 = -31*c + 28*c + q. What is the greatest common divisor of 104 and c?
26
Suppose -2*w + 3 = -3*c + 2*w, 3*c - 2*w = 3. Let h be -8 + c + (-36)/(-3). Calculate the greatest common factor of h and 1.
1
Suppose -8*p + 7*p - 2 = 0. Let x be ((-868)/(-112))/(p/(-8)). What is the highest common divisor of 31 and x?
31
Let s be 2/(12 + 2913/(-243)). What is the highest common divisor of s and 3060?
18
Let k(a) = -3*a + 13. Let x be k(-7). Let n be (2584/38)/(4/10). What is the highest common factor of n and x?
34
Suppose -4*v - s + 475 = -2*s, 3*v - 2*s = 355. Let y = v - 116. What is the greatest common divisor of y and 3?
3
Let x(g) = -g**2 - 24*g + 57. Suppose n - 3*c + 15 = 4, -4*n - 84 = -2*c. Let w be x(n). Calculate the greatest common divisor of w and 32.
16
Let i be 4777 - 3/(-3)*(-2)/(4/(-4)). What is the highest common factor of 59 and i?
59
Suppose 5*v + 31*j = 36*j - 20, j = 2*v + 4. Suppose 5*c + g - 27 = v, 2*c + 5*g = -6 + 3. What is the greatest common factor of c and 9?
3
Let c = 22481 + -22385. Calculate the greatest common factor of c and 600.
24
Let s be ((0 - 0 - -3) + 117/(-351))*33. What is the greatest common divisor of s and 112?
8
Let g be (-209)/77 - 6/21. Let n(c) = c**2 + 4*c + 15. Let b be n(g). Calculate the highest common divisor of 36 and b.
12
Suppose 3*w = -w + 460. Let a(b) = -194*b - 2864. Let n be a(-15). Calculate the highest common divisor of n and w.
23
Suppose 2*s = -5*z - 2*s + 930, 3*z + s - 551 = 0. Suppose -5*p - 200*c + 54 = -196*c, -4*p - 2*c = -48. Calculate the highest common factor of z and p.
14
Let j be (-15)/(-10) + 1420/(-8). Let r be j/55*(-20)/8. What is the highest common divisor of r and 856?
8
Suppose -f + 702 = 4*y - 6*f, 5*f = 5*y - 880. Calculate the highest common divisor of y and 89.
89
Let y(r) = 13*r - 3. Let w be y(2). Let k = 341565 + -340300. Calculate the highest common factor of k and w.
23
Let f(g) = g**3 - 17*g**2 + 21*g - 34. Let r = -172 + 188. Let o be f(r). Let m = 284 + 38. Calculate the highest common divisor of m and o.
46
Let s = 21 - 2. Let k = -57953 + 58162. What is the highest common divisor of k and s?
19
Let p(a) = 0*a - 4 - 5*a**2 + 13*a**2 - a + 4*a. Let l(n) = -56*n + 328. Let z be l(6). Let d be p(z). Calculate the greatest common factor of 44 and d.
44
Let g(x) = -2*x**3 + 5*x**2 - x - 8. Let f be g(-7). Let w = f + -408. Let m = w + -284. What is the highest common divisor of m and 34?
34
Suppose -a + 677 + 647 = g, -5*g = a - 1348. What is the highest common divisor of a and 2?
2
Let b = 13 + 47. Let i(l) = -5828*l - 81568. Let p be i(-14). What is the greatest common factor of b and p?
12
Let b(n) = -n**3 - 4*n**2 + 2*n - 2. Let u be b(-6). Let k(x) = -1312*x - 17027. Let g be k(-13). Calculate the greatest common factor of g and u.
29
Suppose 34*v = -432*v + 27328 + 31854. What is the highest common divisor of v and 381?
127
Suppose p + 0*b = 5*b + 461, 0 = 5*p + 5*b - 2245. Suppose p + 2929 = 10*f. What is the greatest common divisor of 26 and f?
26
Let z be (22/8)/(244/16 + -15). Calculate the highest common divisor of z and 7909.
11
Let m = 600 - 603. Let t(h) = -43*h - 18. Let j be t(m). What is the highest common divisor of j and 148?
37
Let l = 33 - 31. Let i be l/(-8) - 34/(-8). Let b(z) = z**2 - z + 4. Let j be b(i). Calculate the highest common factor of j and 16.
16
Suppose -3360 = -64*b + 18*b - 10*b. Calculate the greatest common divisor of 168 and b.
12
Suppose 2*f - 3*x - 38 = 0, 12*f + 2*x = 14*f - 44. Calculate the greatest common divisor of f and 4802.
14
Let r(t) = 77*t**2 - 17*t + 38. Let m be r(2). Suppose 34*n = -m + 1876. What is the greatest common divisor of n and 138?
46
Let v = -182 - -196. Suppose -4092 + 1446 = -v*p. What is the greatest common factor of p and 7?
7
Let a = 4854 - 4693. Calculate the greatest common factor of a and 529.
23
Let r be 1*(-10)/5*16. Let d = -5 - r. Suppose -23*j = -d*j + 324. Calculate the highest common divisor of j and 9.
9
Let b(p) = 4*p**2 - 6*p + 1. Suppose -5*c - 3*k = -5*k + 28, -3*k + 4 = 2*c. Let w be b(c). Let x = 128 - w. Calculate the greatest common factor of 78 and x.
39
Let y = 0 - 57. Let a = -33 - y. Calculate the greatest common factor of 64 and a.
8
Suppose 1054 = 26*z - 9*z. Suppose -21*n + z = -127. Calculate the greatest common divisor of 144 and n.
9
Let t = -1633 - -1639. What is the greatest common factor of t and 2217?
3
Let k = 51 + -45. Let x(n) = -4*n**2 + 9*n + 32. Let f be x(k). Let p = 64 + f. Calculate the highest common factor of 54 and p.
6
Su